{"id":20,"date":"2015-09-10T16:36:23","date_gmt":"2015-09-10T16:36:23","guid":{"rendered":"http:\/\/ns1.cardinalfactor.net\/~congomark\/?page_id=20"},"modified":"2017-05-04T01:36:59","modified_gmt":"2017-05-04T01:36:59","slug":"services","status":"publish","type":"page","link":"https:\/\/congomark.lawyer\/?page_id=20","title":{"rendered":"Services"},"content":{"rendered":"<table>\n<tr>\n<th width=\"50%\" style=\"vertical-align: bottom;\">CongoMark provides rights registration, advice and representation before the administrative authorities and the Courts. We help clients to obtain the appropriate protection for their Intellectual Property.<\/p>\n<hr \/>\n<\/th>\n<th width=\"50%\" style=\"padding-left: 40px;\">Congomark se donne pour mission de: conseiller, d\u2019assister et repr\u00e9senter ses clients en vue de l\u2019obtention, du maintien, de l\u2019exploitation et de la d\u00e9fense de leurs droits de propri\u00e9t\u00e9 intellectuelle, des droits annexes et des droits portant sur des questions connexes.<\/p>\n<hr \/>\n<\/th>\n<\/tr>\n<tr>\n<td valign=\"top\">\n<p><img loading=\"lazy\" decoding=\"async\" src=\"https:\/\/congomark.lawyer\/wp-content\/uploads\/2015\/10\/services_composite2.png\" style=\"margin-top: 10px; border: 1px solid #3b3b3b;\" alt=\"Congomark, IP law firm, intellectual property, Kinshasa, Democratic Republic of Congo, DRC, protect trademarks, inventions, models, designs, trade names, copyrights, domain name registration, LinkedIn\" width=\"520\" height=\"340\" class=\"alignleft size-full wp-image-166\"\/><br \/>\nOur firm serves companies and individuals seeking to protect their Trademarks, Inventions, Models and Designs, and their Trade names. We also secure Copyrights and Domain name registration. On behalf of our clients, we provide representation in the DRC, Rwanda, Dubai, Europe and other regions of the world. For more information please <a href=\"\/?page_id=25\" target=\"_top\">contact us<\/a>.<\/p>\n<ol style=\"margin-left: 10px;\">\n<li><strong>Trademarks<\/strong> (preliminary Search, Filings and Registrations, Renewals, Modifications (CPA change of proprietor&#8217;s address\/ CPN Change of proprietor&#8217;s name), Recordal of Assignment and Merger, License Deeds, Disputes, Opposition Procedure)\n<p>A Trademark is a &#8220;sign&#8221; for distinguishing precisely the products and\/or services of one undertaking from those of its competitors. The sign can be a Word, a name, a slogan, a logo, a design, etc. or a combination of these elements. In filing its brand in the DRC, the applicant obtains a monopoly of exploitation throughout Congolese territory for 10 years, renewable indefinitely. A trademark is legally protected only when it is filed and registered.<\/li>\n<li><img loading=\"lazy\" decoding=\"async\" src=\"https:\/\/congomark.lawyer\/wp-content\/uploads\/2015\/09\/congomark_blackboard_200_2.png\" style=\"margin-top: 10px; border: 1px solid #3b3b3b;\" alt=\"Congomark, IP law firm, intellectual property, Kinshasa, Democratic Republic of Congo, DRC, protect trademarks, inventions, models, designs, trade names, copyrights, domain name registration, LinkedIn\" width=\"200\" height=\"200\" class=\"alignright size-full wp-image-137\" \/><strong>Patents<\/strong> (Search, Confidentiality Convention, Filings, Annuities payment, Modifications, Registrations, License\/Assignment Deeds, Technological Transfer, Disputes)\n<p>The patent protects an invention or innovation, which is a product or a process that provides a technical solution to a given problem. The invention for which a patent may be obtained must be new, involve an inventive step and be industrially applicable.<\/p>\n<p>The filing of a patent allows its holder to benefit from a monopoly to operate throughout the territory covered by the patent for a period of 20 years from date of filing. The owner of the patent thus has an exclusive right, opposable to all, which allows him to prohibit any use, manufacture, import, etc., of the invention performed without his permission, to take advantage of its invention in different forms (direct exploitation, assignment of the patent, license agreements) and to pursue the counterfeiters.<\/li>\n<li><strong>Industrial Models and Designs<\/strong> (Search, Filings, Renewals, Modifications, Registrations, License\/ Assignment Deeds, Disputes)\n<p>A Model or a Design protects the appearance of a product or part of a product that gives, in particular, the characteristics of its lines, contours, colours, shape, texture or materials used. It is a &#8220;drawing&#8221;, if it takes the form of two-dimensional graphics and a &#8220;model&#8221; if the graphics characterize a three dimensional object.<\/p>\n<p>By filing a drawing or a model in the DRC, the applicant obtained a monopoly of exploitation throughout the Congolese territory for a period of five years which may be extended for 5 years each, up to a maximum period of 25 years.<\/li>\n<li><strong>Domain Names<\/strong>\n<p>\tThe domain name is the central part of the Internet address that is typed into the browser, which identifies a website. This address is composed of three elements the prefix (http \/ \/ www), the domain name (chosen by the Holder may be a trademark, company name, family name) and the suffix .com, .net .cd, Commonly called &#8220;extension&#8221;.<\/p>\n<p>\tRegister a domain name allows you, as for trademarks, to acquire a right on the name. This is the rule of &#8220;first come, first served&#8221; which governs the registration system. By reserving your domain quickly you protect its use by another. A domain name is registered for a variable period according to the extensions.<\/li>\n<li><img loading=\"lazy\" decoding=\"async\" src=\"https:\/\/congomark.lawyer\/wp-content\/uploads\/2015\/09\/congomark_stamp_200.png\" style=\"margin-top: 10px; border: 1px solid #3b3b3b;\" alt=\"Congomark, IP law firm, intellectual property, Kinshasa, Democratic Republic of Congo, DRC, protect trademarks, inventions, models, designs, trade names, copyrights, domain name registration, LinkedIn\" width=\"200\" height=\"200\" class=\"alignright size-full wp-image-133\" srcset=\"https:\/\/congomark.lawyer\/wp-content\/uploads\/2015\/09\/congomark_stamp_200.png 200w, https:\/\/congomark.lawyer\/wp-content\/uploads\/2015\/09\/congomark_stamp_200-150x150.png 150w\" sizes=\"auto, (max-width: 200px) 100vw, 200px\" \/><strong>Copyrights<\/strong>\n<p>\tAll creative works are protected by copyright, merely because they are created, without compliance with any formality. To be protected by the copyright work must be original and be materialized (Since the work is the &#8220;fruit of the creation of the author&#8221;, it is original).<\/p>\n<p>\tIt is, however, recommended to deposit a work to acquire proof of the date of creation and to benefit from a presumption of ownership. The mention of copyright in the work is not mandatory in Congolese law but is recommended.<\/li>\n<\/ol>\n<\/td>\n<td valign=\"top\" style=\"padding-left: 40px;\">Congomark se donne pour mission de: conseiller, d\u2019assister et repr\u00e9senter ses clients en vue de l\u2019obtention, du maintien, de l\u2019exploitation et de la d\u00e9fense de leurs droits de propri\u00e9t\u00e9 intellectuelle, des droits annexes et des droits portant sur des questions connexes. Congomark offre des consultations juridiques, techniques et strat\u00e9giques, effectue des recherches d\u2019ant\u00e9riorit\u00e9s et de disponibilit\u00e9s, oriente le client vers la forme de protection qui r\u00e9pond le mieux \u00e0 ses besoins, et assure la pr\u00e9paration technique des d\u00e9p\u00f4ts ainsi que leur suivi (surveillance de la proc\u00e9dure, maintien en vigueur du d\u00e9p\u00f4t et les mises \u00e0 jour) tant en RDC qu\u2019\u00e0 l\u2019\u00e9tranger d\u00e9p\u00f4ts internationaux, Europ\u00e9ens, Benelux, OAPI et ARIPO, ainsi que dans d\u2019autres r\u00e9gions du monde. Pour plus d&#8217;informations <a href=\"\/?page_id=25\" target=\"_top\">contactez nous<\/a>.<\/p>\n<ol style=\"margin-left: 10px;\">\n<li><strong>Marques<\/strong> (recherche d\u2019ant\u00e9riorit\u00e9s, d\u00e9p\u00f4ts, oppositions, surveillances, renouvellements, modifications, inscriptions, contrats de licences\/cessions, litiges&#8230;)\n<p>La marque est un \u00ab signe \u00bb permettant de distinguer pr\u00e9cis\u00e9ment les produits et\/ou les services d&#8217;une entreprise de ceux de ses concurrents. Le signe peut \u00eatre un mot, un nom, un slogan, un logo, un dessin, etc. ou la combinaison de ces diff\u00e9rents \u00e9l\u00e9ments. En d\u00e9posant sa marque en RDC, le d\u00e9posant obtient un monopole d&#8217;exploitation sur tout le territoire congolais pour 10 ans, renouvelable ind\u00e9finiment. Une marque n\u2019est prot\u00e9g\u00e9e juridiquement que lorsqu\u2019elle est d\u00e9pos\u00e9e puis enregistr\u00e9e.<\/li>\n<li><strong>Brevets d\u2019invention<\/strong> (recherches, contrats de confidentialit\u00e9, d\u00e9p\u00f4ts, paiement des annuit\u00e9s, modifications, inscriptions, contrats de licences\/cessions, transfert de technologie, litiges&#8230;)\n<p>Le brevet prot\u00e8ge une invention ou innovation technique, c&#8217;est-\u00e0-dire un produit ou un proc\u00e9d\u00e9 qui apporte une solution technique \u00e0 un probl\u00e8me donn\u00e9.<\/p>\n<p>\tL&#8217;invention pour laquelle un brevet pourra \u00eatre obtenu doit \u00eatre nouvelle, impliquer une activit\u00e9 inventive et \u00eatre susceptible d&#8217;application industrielle. Le d\u00e9p\u00f4t d\u2019un brevet permet \u00e0 son titulaire de b\u00e9n\u00e9ficier d\u2019un monopole d\u2019exploitation sur tout le territoire couvert par le brevet pendant une dur\u00e9e 20 ans \u00e0 compter du d\u00e9p\u00f4t en RDC. Le titulaire du brevet dispose ainsi d\u2019un droit exclusif, opposable \u00e0 tous, qui lui permet d\u2019interdire toute utilisation, fabrication, importation, etc., de l&#8217;invention effectu\u00e9e sans son autorisation, de tirer profit de son invention sous diff\u00e9rentes formes (exploitation directe, cession du brevet, accords de licence) et de poursuivre les contrefacteurs.<\/li>\n<li><strong>Mod\u00e8les et dessins industriels<\/strong> (recherches, d\u00e9p\u00f4ts, renouvellements, modifications, inscriptions, contrats de licences\/cessions, litiges&#8230;)\n<p>Un dessin ou mod\u00e8le prot\u00e8ge l&#8217;apparence d&#8217;un produit ou d&#8217;une partie de produit que lui conf\u00e8re, en particulier, les caract\u00e9ristiques de ses lignes, ses contours, ses couleurs, sa forme, sa texture ou les mat\u00e9riaux utilis\u00e9s.<\/p>\n<p>\tIl s\u2019agit d\u2019un dessin, si il se mat\u00e9rialise par des \u00e9l\u00e9ments graphiques en deux dimensions  et d\u2019un \u00ab mod\u00e8le \u00bb si les \u00e9l\u00e9ments graphiques le caract\u00e9risant comportent trois dimensions. En d\u00e9posant un dessin ou un mod\u00e8le en RDC, le d\u00e9posant obtient un monopole d&#8217;exploitation sur tout le territoire congolais pour une dur\u00e9e de 5 ans qui peut \u00eatre prolong\u00e9e par tranche de 5 ans, jusqu&#8217;\u00e0 une p\u00e9riode maximale de 25 ans.<\/li>\n<li><strong>Noms de domaines<\/strong>\n<p>Le nom de domaine est la partie centrale de l&#8217;adresse Internet qui est tap\u00e9e dans le navigateur et qui permet d\u2019identifier un site internet.<\/p>\n<p>\tCette adresse est compos\u00e9e de trois \u00e9l\u00e9ments: le pr\u00e9fixe (http:\/\/www), le nom de domaine (au choix du titulaire il peut s\u2019agir d\u2019une marque, du nom de la soci\u00e9t\u00e9, du nom de famille) et le suffixe .com, .net, .cd&#8230; commun\u00e9ment appel\u00e9 &#8216;extension&#8217;. Enregistrer un nom de domaine permet, comme pour les marques, d\u2019acqu\u00e9rir un droit sur le nom. C\u2019est la r\u00e8gle dite du \u00ab premier arriv\u00e9, premier servi \u00bb qui r\u00e9git le syst\u00e8me d\u2019enregistrement. En r\u00e9servant votre domaine rapidement vous vous prot\u00e9gez de son utilisation par un autre.<\/p>\n<p>\tUn nom de domaine est enregistr\u00e9 pour une dur\u00e9e variable selon les extensions.<\/li>\n<li><strong>Droits d&#8217;auteur<\/strong>\n<p>Toutes les \u0153uvres de l\u2019esprit sont prot\u00e9g\u00e9es par le droit d\u2019auteur, du seul fait de leur cr\u00e9ation, sans l\u2019accomplissement d\u2019aucune formalit\u00e9.<\/p>\n<p>\tPour b\u00e9n\u00e9ficier de la protection par le droit d\u2019auteur l\u2019\u0153uvre doit \u00eatre mat\u00e9rialis\u00e9e et \u00eatre originale (D\u00e8s lors que l\u2019\u0153uvre est le &#8216; fruit de la cr\u00e9ation de l\u2019auteur &#8216;, elle est originale). Il est cependant recommand\u00e9 de d\u00e9poser son \u0153uvre afin d\u2019obtenir la preuve de la date de cr\u00e9ation et b\u00e9n\u00e9ficier d\u2019une pr\u00e9somption de propri\u00e9t\u00e9. La mention des droits d\u2019auteur sur l\u2019\u0153uvre n\u2019est pas exig\u00e9e en droit congolais. Elle est cependant recommand\u00e9e.  Cette mention permet d\u2019informer le public de ce que l\u2019\u0153uvre fait l\u2019objet d\u2019une protection par le droit d\u2019auteur et de conf\u00e9rer \u00e0 l\u2019\u0153uvre une protection dans les pays qui exigent une telle mention (notamment pour accorder des dommages int\u00e9r\u00eats en cas de contrefa\u00e7on).<\/li>\n<\/td>\n<\/tr>\n<\/table>\n","protected":false},"excerpt":{"rendered":"<p>CongoMark provides rights registration, advice and representation before the administrative authorities and the Courts. We help clients to obtain the appropriate protection for their Intellectual Property. Congomark se donne pour mission de: conseiller, d\u2019assister et repr\u00e9senter ses clients en vue de l\u2019obtention, du maintien, de l\u2019exploitation et de la d\u00e9fense de leurs droits de propri\u00e9t\u00e9 [&hellip;]<\/p>\n","protected":false},"author":1,"featured_media":0,"parent":0,"menu_order":0,"comment_status":"closed","ping_status":"closed","template":"templates\/template-full.php","meta":{"_exactmetrics_skip_tracking":false,"_exactmetrics_sitenote_active":false,"_exactmetrics_sitenote_note":"","_exactmetrics_sitenote_category":0,"footnotes":""},"class_list":["post-20","page","type-page","status-publish","hentry","post"],"aioseo_notices":[],"_links":{"self":[{"href":"https:\/\/congomark.lawyer\/index.php?rest_route=\/wp\/v2\/pages\/20","targetHints":{"allow":["GET"]}}],"collection":[{"href":"https:\/\/congomark.lawyer\/index.php?rest_route=\/wp\/v2\/pages"}],"about":[{"href":"https:\/\/congomark.lawyer\/index.php?rest_route=\/wp\/v2\/types\/page"}],"author":[{"embeddable":true,"href":"https:\/\/congomark.lawyer\/index.php?rest_route=\/wp\/v2\/users\/1"}],"replies":[{"embeddable":true,"href":"https:\/\/congomark.lawyer\/index.php?rest_route=%2Fwp%2Fv2%2Fcomments&post=20"}],"version-history":[{"count":73,"href":"https:\/\/congomark.lawyer\/index.php?rest_route=\/wp\/v2\/pages\/20\/revisions"}],"predecessor-version":[{"id":191,"href":"https:\/\/congomark.lawyer\/index.php?rest_route=\/wp\/v2\/pages\/20\/revisions\/191"}],"wp:attachment":[{"href":"https:\/\/congomark.lawyer\/index.php?rest_route=%2Fwp%2Fv2%2Fmedia&parent=20"}],"curies":[{"name":"wp","href":"https:\/\/api.w.org\/{rel}","templated":true}]}}